28.
536
Calculate the highest common divisor of 1728360 and 270.
90
What is the greatest common factor of 184 and 19918?
46
Calculate the greatest common divisor of 16328 and 49298.
314
Calculate the greatest common factor of 2916 and 2839698.
486
Calculate the greatest common factor of 8606 and 130.
26
What is the greatest common factor of 303715 and 475?
95
Calculate the highest common divisor of 49688 and 216.
8
What is the greatest common divisor of 112123 and 396?
11
What is the greatest common divisor of 274167 and 11888?
743
Calculate the greatest common factor of 137231 and 109.
109
Calculate the greatest common divisor of 27965 and 14161.
119
What is the highest common factor of 317547 and 9234?
513
Calculate the highest common factor of 82983 and 417.
417
Calculate the highest common factor of 27089 and 824.
103
What is the highest common factor of 2328 and 616?
8
Calculate the greatest common factor of 12272 and 1456.
208
Calculate the highest common divisor of 84 and 66780.
84
What is the highest common divisor of 237 and 787551?
237
Calculate the greatest common divisor of 11454 and 12098.
46
Calculate the highest common factor of 148760 and 24.
8
What is the highest common factor of 730 and 44895?
365
What is the highest common divisor of 884 and 5811?
13
Calculate the highest common divisor of 2652 and 716924.
884
Calculate the highest common divisor of 2507 and 49813.
109
What is the highest common factor of 124644 and 527?
17
What is the highest common factor of 5673 and 168423?
93
Calculate the highest common divisor of 294 and 307006.
14
Calculate the highest common divisor of 84 and 27930.
42
Calculate the greatest common factor of 459 and 49283.
17
What is the greatest common factor of 77640 and 120?
120
What is the highest common divisor of 372 and 107004?
12
What is the greatest common divisor of 2556768 and 96?
96
What is the highest common divisor of 25832 and 120?
8
What is the highest common factor of 28 and 3647?
7
What is the highest common factor of 17004450 and 300?
150
Calculate the greatest common factor of 37 and 66304.
37
What is the greatest common divisor of 1647 and 768?
3
What is the greatest common factor of 412053 and 171?
57
Calculate the highest common divisor of 5106 and 37518.
222
What is the highest common factor of 24 and 278748?
12
Calculate the greatest common divisor of 175749 and 21.
21
Calculate the highest common divisor of 2530 and 2484.
46
Calculate the highest common divisor of 56864 and 64.
32
Calculate the highest common factor of 200 and 13525.
25
Calculate the highest common factor of 1914 and 201234.
66
Calculate the greatest common divisor of 14725 and 68975.
775
What is the greatest common divisor of 309042 and 1940?
194
What is the highest common factor of 322 and 11988221?
161
Calculate the highest common factor of 12913 and 1047.
349
What is the highest common divisor of 12131 and 196?
7
Calculate the highest common factor of 25 and 196050.
25
What is the highest common factor of 150735 and 15?
15
Calculate the greatest common factor of 54502 and 19873.
119
Calculate the greatest common factor of 6336 and 539.
11
What is the greatest common factor of 450 and 43164?
18
What is the greatest common factor of 2010 and 1500?
30
What is the highest common factor of 22852 and 116?
116
What is the highest common factor of 130 and 20215?
65
Calculate the highest common factor of 28 and 2343894.
14
Calculate the greatest common factor of 14245 and 21978.
407
What is the highest common divisor of 6254 and 1378?
106
What is the greatest common factor of 1157760 and 268?
268
Calculate the greatest common divisor of 505 and 1003435.
505
Calculate the highest common divisor of 39 and 224549.
13
What is the highest common divisor of 7191 and 262683?
423
What is the highest common divisor of 30 and 128630?
10
Calculate the greatest common factor of 1854 and 95996.
206
What is the greatest common divisor of 309032 and 40?
8
What is the greatest common factor of 492350 and 3664?
458
What is the highest common divisor of 30640 and 48?
16
Calculate the greatest common factor of 48512 and 12886.
758
Calculate the greatest common factor of 192840 and 20.
20
What is the greatest common divisor of 45 and 18159660?
45
What is the highest common divisor of 3888672 and 144?
48
What is the highest common factor of 8721 and 15?
3
What is the highest common factor of 2541 and 2079?
231
What is the greatest common divisor of 85 and 4584050?
85
Calculate the highest common factor of 11 and 570119.
11
Calculate the highest common factor of 10393 and 4923.
547
Calculate the highest common factor of 4917 and 693.
33
Calculate the greatest common divisor of 1428 and 111146.
238
What is the greatest common divisor of 33 and 543?
3
Calculate the greatest common factor of 791 and 11639.
113
What is the highest common divisor of 175881 and 3151?
23
What is the greatest common divisor of 1940 and 1084?
4
What is the greatest common factor of 299150 and 27406?
386
What is the greatest common factor of 7476654 and 6?
6
What is the highest common divisor of 1094 and 2819238?
1094
What is the greatest common divisor of 49874 and 4741?
11
What is the highest common divisor of 195180 and 120?
60
What is the greatest common factor of 2175 and 375?
75
What is the highest common divisor of 2131035 and 15?
15
Calculate the greatest common divisor of 263665 and 10.
5
What is the greatest common factor of 43 and 46999?
43
Calculate the highest common divisor of 4200 and 3525.
75
What is the highest common divisor of 2831 and 1596?
19
What is the highest common divisor of 26733 and 57?
57
Calculate the highest common divisor of 456214 and 890.
178
What is the highest common factor of 57385 and 460?
115
Calculate the highest common divisor of 100 and 1805420.
20
Calculate the highest common divisor of 2864365 and 105.
35
What is the highest common factor of 8868 and 84?
12
Calculate the highest common divisor of 368 and 2608.
16
What is the highest common factor of 1937 and 104?
13
Calculate the greatest common factor of 4876 and 5014.
46
Calculate the greatest common divisor of 37124 and 4.
4
What is the greatest common divisor of 72 and 709812?
36
What is the highest common factor of 5116373 and 2162?
1081
Calculate the highest common divisor of 17 and 46784.
17
Calculate the highest common divisor of 18291 and 546.
273
Calculate the greatest common divisor of 368739 and 2961.
63
Calculate the greatest common factor of 4917 and 637869.
447
Calculate the highest common factor of 24185 and 455.
35
Calculate the greatest common factor of 11476 and 25066.
302
Calculate the highest common factor of 10 and 1340770.
10
Calculate the greatest common divisor of 78 and 2897115.
39
What is the highest common divisor of 516 and 108876?
516
What is the highest common factor of 35126 and 78?
26
Calculate the greatest common divisor of 3352 and 4190.
838
What is the greatest common factor of 736 and 25484?
92
What is the highest common divisor of 4745832 and 6552?
2184
What is the greatest common divisor of 225 and 10899?
9
Calculate the greatest common factor of 628 and 1515364.
628
What is the greatest common divisor of 202927 and 2149?
307
What is the highest common factor of 728709 and 1253?
179
Calculate the highest common factor of 80102 and 605.
121
What is the greatest common factor of 37 and 20239?
37
What is the highest common divisor of 1304475 and 45?
15
What is the greatest common factor of 2259 and 98141?
251
What is the highest common factor of 135 and 2255634?
27
What is the highest common divisor of 132878 and 264074?
1682
What is the greatest common factor of 82515 and 15?
15
Calculate the greatest common factor of 52123 and 47.
47
Calculate the highest common divisor of 602 and 16598.
86
What is the highest common factor of 4234 and 511?
73
What is the greatest common factor of 11691872 and 1856?
928
Calculate the greatest common divisor of 594 and 2420.
22
Calculate the highest common factor of 408 and 4947.
51
Calculate the greatest common divisor of 1577187 and 186.
93
Calculate the greatest common factor of 234 and 147004.
26
Calculate the highest common factor of 1615 and 2071.
19
What is the highest common divisor of